er?
False
Is 9921797 prime?
True
Is 118483667 prime?
True
Is 3703523 composite?
True
Is 1764691 composite?
False
Is 16043717 prime?
True
Is 1385561 composite?
False
Is 40507801 composite?
False
Is 76708033 composite?
False
Is 11404019 prime?
False
Is 7408015 a composite number?
True
Is 9073993 a composite number?
False
Is 288176783 a composite number?
False
Is 2005805 a prime number?
False
Is 92977 prime?
False
Is 11228447 a composite number?
False
Is 32454397 prime?
True
Is 5449289 a prime number?
True
Is 4674281 composite?
True
Is 961603 a prime number?
False
Is 605187679 a composite number?
False
Is 1042543 a prime number?
False
Is 24383589 a prime number?
False
Is 861013 composite?
False
Is 27413513 composite?
True
Is 12718406 prime?
False
Is 2726831 composite?
False
Is 6908401 a composite number?
True
Is 849923 a composite number?
False
Is 269307163 prime?
True
Is 3773389 prime?
False
Is 9320849 composite?
True
Is 8820939 prime?
False
Is 33750265 prime?
False
Is 1147046177 a prime number?
True
Is 477930143 a composite number?
True
Is 28808873 composite?
True
Is 51110339 a prime number?
False
Is 89609983 a composite number?
True
Is 1839059 composite?
False
Is 21401021 prime?
False
Is 103835149 prime?
False
Is 22821235 a composite number?
True
Is 1366459 prime?
True
Is 1189871 composite?
False
Is 3729169 prime?
True
Is 94749749 a composite number?
False
Is 3602009 a prime number?
False
Is 4999661 prime?
True
Is 20065163 composite?
False
Is 142122623 a prime number?
True
Is 262981 a prime number?
True
Is 19513261 composite?
False
Is 7393 prime?
True
Is 15587581 composite?
True
Is 9861259 prime?
False
Is 36075097 a composite number?
True
Is 2028359 composite?
False
Is 2688047 composite?
True
Is 61379 a composite number?
False
Is 272547937 composite?
True
Is 8820169 composite?
False
Is 1345137 a composite number?
True
Is 17519023 a prime number?
False
Is 5365949 composite?
False
Is 179740927 composite?
True
Is 706742507 a composite number?
True
Is 14371886 a composite number?
True
Is 61508387 a composite number?
False
Is 5848879 a composite number?
True
Is 190143347 prime?
True
Is 174227 composite?
True
Is 110838991 a composite number?
True
Is 765131 a composite number?
False
Is 21198245 composite?
True
Is 3587669 composite?
False
Is 10649773 a prime number?
True
Is 2212871 a prime number?
True
Is 145105711 composite?
True
Is 18150679 a composite number?
True
Is 11084779 prime?
True
Is 26576923 composite?
False
Is 356771 a composite number?
True
Is 24281 a prime number?
True
Is 58223689 a composite number?
False
Is 62752237 a prime number?
True
Is 1453456567 composite?
False
Is 697833337 composite?
True
Is 66531109 composite?
True
Is 308495219 a composite number?
False
Is 2524367 prime?
False
Is 2286827 a composite number?
False
Is 6299 composite?
False
Is 81767419 prime?
True
Is 9140953 composite?
False
Is 23427529 a composite number?
True
Is 69163621 a prime number?
True
Is 102772759 a composite number?
True
Is 63241 composite?
False
Is 15903623 a prime number?
True
Is 7184017 composite?
True
Is 2997209 composite?
False
Is 3434887 composite?
False
Is 523597 prime?
True
Is 65990069 a prime number?
True
Is 20348309 a prime number?
True
Is 2035757 a composite number?
False
Is 5166545 prime?
False
Is 34163081 prime?
False
Is 13418189 a prime number?
True
Is 9288143 composite?
True
Is 39347981 a composite number?
True
Is 5268611 a composite number?
True
Is 147869923 composite?
False
Is 45859963 composite?
False
Is 7909621 composite?
True
Is 5800433 composite?
False
Is 240553 prime?
False
Is 22627457 composite?
False
Is 12167893 composite?
True
Is 2170019 a composite number?
True
Is 125129 prime?
False
Is 18321059 a composite number?
False
Is 9211601 prime?
False
Is 176047283 composite?
False
Is 13545131 a prime number?
False
Is 38347913 prime?
True
Is 3782227 prime?
False
Is 12616993 a composite number?
False
Is 7490093 composite?
True
Is 713095582 a prime number?
False
Is 2499727 composite?
False
Is 2399773 composite?
True
Is 2428089769 composite?
True
Is 483107 a prime number?
False
Is 5727013 composite?
False
Is 5345171 a prime number?
False
Is 58759933 a prime number?
False
Is 3155861 composite?
True
Is 112568051 prime?
True
Is 263718485 prime?
False
Is 3901259 a composite number?
False
Is 31793759 a prime number?
False
Is 2830431 a prime number?
False
Is 2022245 prime?
False
Is 2489881 a prime number?
True
Is 60898661 prime?
True
Is 253469 composite?
False
Is 776032177 a composite number?
True
Is 276586289 a prime number?
False
Is 22572383 composite?
True
Is 3547867 prime?
True
Is 78229127 prime?
True
Is 3843619 composite?
True
Is 639841289 prime?
True
Is 39587497 a composite number?
False
Is 61577561 prime?
True
Is 44000857 a composite number?
False
Is 29206487 a composite number?
False
Is 21501241 a prime number?
True
Is 112627709 prime?
False
Is 124581737 composite?
True
Is 2643203 prime?
False
Is 18214085 prime?
False
Is 90227121 a composite number?
True
Is 36009839 a prime number?
True
Is 44967683 composite?
True
Is 3276124697 a composite number?
False
Is 1299491 composite?
False
Is 719413 a composite number?
False
Is 76202915 a composite number?
True
Is 167919443 a composite number?
False
Is 249611161 composite?
True
Is 1170089 a prime number?
True
Is 2059063 a composite number?
False
Is 65021867 a composite number?
True
Is 9056662 composite?
True
Is 1136623 prime?
True
Is 41383813 a composite number?
False
Is 66337 a composite number?
False
Is 1137095 a composite number?
True
Is 2767399 composite?
True
Is 16774481 prime?
True
Is 26169841 a prime number?
False
Is 117195203 a prime number?
True
Is 301319 prime?
True
Is 16635029 prime?
False
Is 451961 composite?
False
Is 2081153 prime?
False
Is 34324405 a composite number?
True
Is 347842541 prime?
True
Is 213317837 a prime number?
False
Is 5573527 composite?
False
Is 4522471 prime?
True
Is 1822507 prime?
False
Is 10917197 prime?
False
Is 783224867 a composite number?
True
Is 6975703 composite?
True
Is 326985883 prime?
False
Is 149315279 prime?
True
Is 7944751 a composite number?
True
Is 191697923 composite?
False
Is 25177531 prime?
False
Is 2994515 a composite number?
True
Is 5027287 prime?
True
Is 34950697 a prime number?
True
Is 135790609 prime?
True
Is 7049561 composite?
True
Is 10603639 composite?
True
Is 198717499 composite?
True
Is 1627357 prime?
True
Is 2180097179 a prime number?
False
Is 2608159 a prime number?
True
Is 184478527 prime?
True
Is 283631 composite?
False
Is 3649507 a prime number?
False
Is 1354165 prime?
False
Is 9256463 a composite number?
True
Is 111935609 a prime number?
True
Is 2476219 prime?
True
Is 56427493 prime?
True
Is 3391763 prime?
False
Is 1460987 a prime number?
False
Is 1788139 a prime number?
True
Is 726877 composite?
True
Is 10292873 a composite number?
True
Is 33851639 composite?
False
Is 26422373 prime?
True
Is 5454377 a composite number?
False
Is 8200847 a composite number?
False
Is 48823 a composite number?
False
Is 9505063 composite?
False
Is 21864443 a prime number?
True
Is 23154517 composite?
True
Is 218018069 composite?
True
Is 6580379 composite?
True
Is 223 composite?
False
Is 957407 composite?
True
Is 150347389 composite?
True
Is 641747 prime?
True
Is 17261891 a prime number?
False
Is 6524437 prime?
True
Is 2108597 a prime number?
True
Is 45876049 a prime number?
False
Is 174347 composite?
False
Is 154893471 composite?
True
Is 11417963 composite?
False
Is 211124929 a prime number?
True
Is 5639431 a composite number?
True
Is 24801857 prime?
True
Is 2225639 composite?
True
Is 63171671 composite?
False
Is 53148691 prime?
True
Is 43150903 prime?
True
Is 309902711 a prime number?
False
Is 17179661 a prime number?
False
Is 17308279 composite?
False
Is 230103053 a composite number?
True
Is 1699667 a prime number?
True
Is 219461513 a prime number?
False
Is 9519833 composite?
True
Is 202323185 composite?
True
Is 413165 composite?
True
Is 2149841 a prime number?
False
Is 97678429 a prime number?
False
Is 21548587 a composite number?
False
Is 3181543 a composite number?
False
Is 305342 prime?
False
Is 66471281 prime?
True
Is 25465651 composite?
False
Is 1816699 a composite number?
False
Is 15288769 prime?
False
Is 470713 a prime number?
False
Is 1